5 = 2*d. What is the remainder when 37 is divided by c?
11
Suppose 0 = -5*i - 5*y + 45, -2*i - 5*y = -7*i + 95. Let w = -5 + 5. Suppose w = -2*x + 113 + 23. What is the remainder when x is divided by i?
12
Let o(h) = 6*h + 49. Let b be ((-6)/5)/(1/5). Calculate the remainder when o(b) is divided by 4.
1
Let t(k) = -4*k - 8. Suppose 2*c = -3*y + 97, y + 249 = 5*c + 2*y. Calculate the remainder when c is divided by t(-5).
2
Suppose -11*q - 10*q + 1050 = 0. What is the remainder when q is divided by 11?
6
Let a = -3469 - -5164. Calculate the remainder when a is divided by 20.
15
Let i = -74 + 149. Suppose -3*n = 2*b + 2*n - i, -36 = -b - 3*n. Calculate the remainder when b is divided by 12.
9
Let s = -124 + 140. Calculate the remainder when s is divided by 11.
5
Suppose -2 = g - 1, -3*s - 2*g = -94. Let c be 597/7 - (-6)/(-21). Suppose 6*q - 11*q = -c. What is the remainder when s is divided by q?
15
Let d = 1588 - 971. Calculate the remainder when d is divided by 10.
7
Suppose 127*u - 3744 = 121*u. Calculate the remainder when u is divided by 34.
12
Let t = 636 - 608. Calculate the remainder when t is divided by (-1 + (-42)/(-10))*5.
12
Let x(k) = 18*k - 8. What is the remainder when 72 is divided by x(2)?
16
Suppose 0 = -3*t, -2*g + 28 = 3*t - 0*t. Let k = 7 + g. What is the remainder when 59 is divided by k?
17
What is the remainder when 287 is divided by 0/(-2 - 4) + 74?
65
Suppose 0*b + 5*b = -10. Let y be b - -2 - (-3 + 3). Suppose g + 4*d + 0 + 4 = y, 3*g - 8 = -2*d. What is the remainder when 10 is divided by g?
2
Suppose -2*u - 5*r + 115 - 21 = 0, 0 = u - 2*r - 47. Calculate the remainder when 182 is divided by u.
41
Let h(n) = 6*n + 95. Calculate the remainder when 2057 is divided by h(-11).
27
Suppose 3*y - 5 = -d + 1, 4*d - 11 = y. Suppose 5*g + 5 = 5*n, 0 = -3*n + 2*g + 3 + d. Calculate the remainder when 15 is divided by n.
3
Suppose -8*k + 143 = -297. Calculate the remainder when 137 is divided by k.
27
Let y(s) = s**3 - 16*s**2 - 26*s + 161. Calculate the remainder when y(18) is divided by 8.
5
Let v(w) = -2*w**2 + 101*w + 2. What is the remainder when v(9) is divided by 30?
29
What is the remainder when 115 is divided by (20/5 - -1)*6?
25
Suppose 0*q = -2*q + 28. Let x = 15 - q. Calculate the remainder when 27 is divided by (x - -6)*(-1)/(-1).
6
Let h(q) = 3*q**2 + 6*q + 5. Let f be h(-1). Suppose -10 = o - 3*u, 14*u = -f*o + 16*u - 4. What is the remainder when 7 is divided by o?
1
Let g(q) = 6*q**2 + 3*q - 3. Let z(i) = i**2 + 2*i - 13*i + 8*i. Let j be z(4). Calculate the remainder when g(j) is divided by 36.
33
Let a be 4/(8/4)*2. Let n(i) = -4 + 1 + a - 2*i + 8*i**2. What is the remainder when n(1) is divided by 4?
3
Let x be (-5 - (-12)/3)*-5. Suppose 53 = 2*n + z, x*n = 8*z - 3*z + 140. Suppose y - 3 - 12 = 0. What is the remainder when n is divided by y?
12
Let l(k) = k**3 + 8*k**2 + 15*k + 10. Let t be l(-7). Let i = 58 + t. Suppose -5*n + 136 = -79. Calculate the remainder when n is divided by i.
7
Let w(v) = 24*v - 18. Calculate the remainder when w(6) is divided by 27.
18
Suppose 4*a - 4*s = 108, 8 = a - 3*s - 25. What is the remainder when 90 is divided by a?
18
Let g = 145 + -137. Suppose -2*j + j = 5*z - 269, 0 = 2*z - 4*j - 90. What is the remainder when z is divided by g?
5
Suppose -8*u = -4*p - 4*u + 52, -p + 4 = -4*u. Let y = 13 + p. What is the remainder when y is divided by 9 - (66/297 + 7/9)?
5
Let w = 47 - -24. Calculate the remainder when w is divided by 12.
11
Let n = 58 + -38. What is the remainder when 33 is divided by n?
13
Let j(u) = u**3 - u**2 - 10*u - 3. Calculate the remainder when j(6) is divided by ((-18)/(-4))/(-9)*24*-1.
9
Let n = -2637 + 2956. What is the remainder when n is divided by 17?
13
Suppose -1 = z - 4. Let d = 103 + -62. Let o = d + -31. Calculate the remainder when o is divided by z.
1
Let n = -179 + 256. Suppose 3*i + 2*j = -55, 0*i + j - 83 = 5*i. Let k = 3 - i. Calculate the remainder when n is divided by k.
17
Let k(s) = s**2 - 12*s - 71. Calculate the remainder when k(-14) is divided by 59.
57
Let a(q) = -q**3 - 6*q**2 + 4*q - 10. Let g be a(-5). Let z = g + 130. What is the remainder when z is divided by 19?
18
Suppose -2*o + 1543 = 5*x, x + 0*x = 4*o + 291. What is the remainder when x is divided by 13?
8
Let j(r) = r**2 - 16*r - 7. Let g be j(14). Let w = g + 91. What is the remainder when w is divided by 10?
6
Let x = 119 + -47. Calculate the remainder when x is divided by 27.
18
Let b(o) = -3*o**2 + 6*o - 6. Let a(x) = -13*x**2 + 23*x - 23. Let u(q) = 2*a(q) - 9*b(q). What is the remainder when 31 is divided by u(8)?
7
Let i be 218*2/(-4)*-1. Suppose -4*r + i = -187. What is the remainder when r is divided by 11?
8
Suppose 5*f + 2*u = 4, 5*u + 9 = 2*u. Suppose f*o + 6 = 0, -24 = -8*w + 5*w + 2*o. What is the remainder when 8 is divided by w?
2
Suppose -4*a + 10 = y - 3, 0 = 4*a - 20. What is the remainder when 8 - (-1 + -2 - y) is divided by 2?
0
Suppose b - 1 = -586*v + 591*v, 3*v - 50 = -4*b. Suppose 2*x - 3*t - 85 = x, -255 = -3*x - 5*t. What is the remainder when x is divided by b?
8
Let i(o) = o**3 + 7*o**2 - 4*o + 23. What is the remainder when i(-7) is divided by 3?
0
Suppose -5*k - 438 = -2738. Calculate the remainder when k is divided by 117.
109
Let d be 6/(-4)*6/(-9). Let k(q) = 9*q**2 - q. Let l(a) = a**2 + a + 2. What is the remainder when l(-5) is divided by k(d)?
6
Let l(x) = x**2 - 5*x - 185. What is the remainder when l(-20) is divided by 4?
3
Suppose -5*j + 0*j = -l - 55, -l = -j + 15. Calculate the remainder when 53 is divided by j.
3
Suppose 0 = 2*u - 94 - 182. Suppose -2*n + 8*n = u. What is the remainder when 66 is divided by n?
20
Let a = -13 + 5. Calculate the remainder when -16*(36/a)/1 is divided by 19.
15
Let z = 268 + -113. Suppose 5*k - z = -2*u, 5*u - 2*k = -k + 320. Suppose v - 4*d = -2 + 47, 0 = 2*v - 3*d - u. What is the remainder when 49 is divided by v?
24
Suppose -5*m = p - 33, p - 55 = -2*p - 4*m. Suppose 2*b + 9 = 9. Suppose b - 25 = -5*s. What is the remainder when p is divided by s?
3
Suppose -4*o = -0*o, 4*b + o = 48. Suppose 4*a - 76 = 2*a. Let q = a - b. What is the remainder when q is divided by 9?
8
Suppose 0*b + 3*w = 3*b - 78, -b + 3*w + 30 = 0. Let g be -2 + (5 + 1 - -1). Let j(d) = -2*d + 17. Calculate the remainder when b is divided by j(g).
3
Let k(j) = 3*j**2 - j + 1. Let d be k(1). Let r = 45 - 27. What is the remainder when 4/(2 + 26/24 - d) is divided by r?
12
Let r = 0 - -2. Suppose 0 = -5*u + 894 - 39. Suppose u = -s + 175. Calculate the remainder when s is divided by r.
0
Suppose -15 + 63 = 4*j. Suppose 39*y - 36*y - 255 = 0. Suppose 7*z = 2*z + y. What is the remainder when z is divided by j?
5
Let z(x) = -14*x**3 + x**2 + 3*x + 3. What is the remainder when 1001 is divided by z(-1)?
11
Suppose 3*b - 150 = -132. Let t(z) = z**3 - 4*z**2 - 10*z - 1. What is the remainder when t(b) is divided by 2?
1
Let o(c) = -c**2 - 30*c - 89. Calculate the remainder when (59/1)/((-5)/(-10)) is divided by o(-26).
13
Let y(u) = -2*u - 7 - u + 4*u - 1. Let v be y(6). What is the remainder when (-173)/(-2) + v/(-4) is divided by 30?
27
Let t be 844/7 - 24/(-56). Let m = t - 51. What is the remainder when m is divided by 24?
22
Suppose 1 = -m + 4. Suppose -3*o + 228 = m*o. What is the remainder when 73 is divided by o?
35
Suppose -34*u - 53 = -38*u - z, 0 = -3*u - 4*z + 30. What is the remainder when 67 is divided by u?
11
Let z be (-38)/(-3) + 4/(-6). Suppose -4*l - f + 77 = 0, 0*f - 4*f - z = 0. Calculate the remainder when (100/(-16) - 3/(-12)) + 64 is divided by l.
18
Suppose 2*g - 78 = g - 2*z, -4*g = 2*z - 306. Suppose -26*v + 1014 = 13*v. What is the remainder when g is divided by v?
24
Let d = 56 + 21. Suppose 5*q + 22 = d. What is the remainder when q is divided by 7?
4
Let v(u) = -u**2 + 19*u - 23. Suppose -y - 2*m + 20 = 0, -6*y + 3*y - 3*m + 48 = 0. What is the remainder when v(y) is divided by 16?
13
Let s = 113 + -32. What is the remainder when s is divided by 7?
4
Suppose 5*i + 2*f - 39 = 3*f, -4*f - 2 = 2*i. Let y be 3 + ((-40)/(-140) - 82/(-7)). Calculate the remainder when (-36)/y*(-45)/6 is divided by i.
4
Suppose -7*q = -2*j - 4*q + 24, -2*q = -j + 13. What is the remainder when 79 is divided by j?
7
Suppose 